 - 38. Calculate f(y).
5
Let x(z) = z**3 + 6*z**2 - 3*z - 7. Let k be x(-6). Let d(q) = -2*q + 1 + 11 - k + q**2. Calculate d(3).
4
Let x(n) be the third derivative of n**5/60 - 7*n**4/24 + 5*n**3/3 - n**2. Suppose -9*m = -11*m - 2*f + 12, 2*m - 15 = f. What is x(m)?
10
Let b(t) = -t**2 - 14*t. Let c be 99/(-66)*(-4)/3. Suppose 0 = -5*v - 2*x - 49, 0*x + c*x = 2*v + 28. Determine b(v).
33
Suppose -3*x + 0*x = -5*k - 19, 3*x = -2*k - 16. Let m(r) = -127*r - 7. Let v be m(x). Let y(c) = -v*c + 8 + 247*c - c**2 - 23. What is y(0)?
-15
Let z(v) = 1490*v - 32 + 6*v**2 - 757*v - 8*v**2 - 753*v. Calculate z(-7).
10
Let p = 78 + -82. Let d(v) be the second derivative of 1/3*v**4 + 0*v**2 + 1/3*v**3 + 0 + 1/20*v**5 + 6*v. Calculate d(p).
-8
Suppose 6 = 2*q - 4*q - c, 2*c = 0. Let o(t) = -2*t**2 - 3*t + 21. Let d(v) = v**2 + v + 1. Let k(h) = q*d(h) - o(h). Calculate k(0).
-24
Let x(y) = 12*y - 2. Let r(k) = -65*k**2 + 61*k**2 + 6 + 3 + k**3 - 2*k. Let i be r(4). Give x(i).
10
Let w = -62 + 64. Let t(l) = l**3 + 1 + 216*l**2 - 102*l**2 - 108*l**w + 5*l. Calculate t(-5).
1
Let k(f) be the first derivative of 1/2*f**2 + 0*f + 80. Give k(-4).
-4
Let g(l) = -2*l**3 - l - 4. Let x(k) = -5*k**3 + 177*k**2 - 68*k - 72. Let c be x(35). Calculate g(c).
14
Let c = -136 + 139. Suppose 0*t = -2*t - 2*q - 2, 3*t - c*q + 9 = 0. Let i(r) be the first derivative of r**4/2 + 2*r**3/3 + r**2/2 - r + 8. Determine i(t).
-11
Let h(i) be the third derivative of -i**4/4 + 3*i**3/2 + 287*i**2. Give h(4).
-15
Let s(q) = q**3 - 5*q**2 - 6*q + 6. Let m be s(6). Suppose 33*a = 28*a. Let k(x) = 5 - x**3 - 2*x**2 + 5*x**2 + a*x**2 - 2*x + 3*x**2. What is k(m)?
-7
Suppose 1091 - 1349 = -86*f. Let p(o) be the second derivative of 0 + 2/3*o**f + 5/2*o**2 - 1/12*o**4 + 14*o. What is p(5)?
0
Let g = 4116 + -4111. Let j(t) = t**2 - 16*t - 1. Determine j(g).
-56
Let w(n) = -4*n - 3. Suppose -h - 3*r = 10, 0 = 5*h - 14*r + 9*r - 30. Let x(c) = 2. Let g(a) = h*x(a) + 2*w(a). Calculate g(3).
-26
Let p = 7 - 1. Suppose 21 + p = 3*v. Suppose 60 = -v*g - g. Let n(k) = k**2 + 6*k + 9. Determine n(g).
9
Let s(p) = -p**3 + 6*p**2 - p + 2. Let x be (-10)/(-3)*(5 - 346/(-10)). Let n be 3 - ((-2)/(-3) + x/(-36)). Give s(n).
-4
Let f(y) be the second derivative of -y**4/6 - 13*y**3/3 - 25*y**2/2 - 2059*y. Give f(-12).
-1
Suppose 0 = -551*b + 537*b + 84. Let f(q) = q**2 - q - 25. Determine f(b).
5
Let o(h) = -h**2 + 88*h - 496. Let c be o(82). Let y(q) = -7*q**2 - 3*q - 5. Calculate y(c).
-105
Let q(c) = -176*c + 1046. Let z be q(6). Let p(k) = 2*k + 3. What is p(z)?
-17
Let i = 795 - 799. Let g(x) be the second derivative of -2*x**3/3 - 5*x**2/2 - x. Give g(i).
11
Let z(q) be the third derivative of q**6/720 - 11*q**5/60 - q**4/4 - q**3/6 + 7*q**2 + 3. Let g(f) be the second derivative of z(f). What is g(0)?
-22
Let p be 2/((-5)/(-1 - -26)). Let v be (-18)/30 - 246/p. Let h = v + -31. Let z(w) = -w**3 - 6*w**2 + 6*w. Determine z(h).
7
Let d(v) = v**3 + 27*v**2 + 45*v - 133. Let u be d(-25). Let b(j) = 4*j + 11. Determine b(u).
-21
Let y(m) = 3*m**2 + 23*m + 1. Let z be y(-15). Let h = -332 + z. Let x(c) = 15*c**2. What is x(h)?
15
Let t(o) be the third derivative of -15*o**2 + 1/360*o**6 + 0*o**3 + 0 + 0*o + 1/30*o**5 + 5/8*o**4. Let v(w) be the second derivative of t(w). Calculate v(-4).
-4
Let y(l) = 11*l**3 + 7*l**2 - 6*l - 4. Let j(o) = 2*o**3 - o**2 + o. Suppose 0 = -152*i + 147*i + 5. Let w(c) = i*y(c) - 6*j(c). Give w(12).
-4
Let d(y) = -5*y + 5. Let w(g) = g**3 - 2*g**2 - 27*g + 65. Let x be w(5). What is d(x)?
-20
Suppose -4*c + 973 = 83*c + 52*c. Let r(x) = -2*x**2 + 11*x + 8. Calculate r(c).
-13
Let j = 18 + 15. Suppose 3*u = 3*h + 3 + 24, 5*u + h = j. Suppose o - 10 + u = 0. Let c(q) = q - 3. What is c(o)?
0
Let j = 7314 - 7305. Let n(w) = -w**2 + 6*w - 16. Determine n(j).
-43
Suppose 20*j - 28310 = 15*j - 5*c, 4*j + 3*c = 22643. Let u(a) = -5657 - 16*a + j. Calculate u(-1).
16
Suppose -6*k = -21 + 69. Let o(q) = 7 - q + 4 - 21. What is o(k)?
-2
Let b = -1 + -27. Let q = b - -32. Let l(f) = f**2 + 0*f**2 - 6 - 12 - 4*f + 16. What is l(q)?
-2
Let x(q) = -q**2 + 3*q - 2. Let a be x(3). Let v be (-12)/(-10) + (-4)/(-5). Let i be (1 + 2)/(v/a). Let o(k) = -7*k + 1. What is o(i)?
22
Let u = -18 + 25. Suppose 0*w + u = w. Let x(b) = -20 - 16 - b**3 + 8*b**2 - 15 - 9*b + 55. Calculate x(w).
-10
Let b(f) be the first derivative of -1/2*f**2 - 20 - 1/3*f**3 + 0*f. Let q be b(-3). Let s(o) = -o**3 - 5*o**2 + 5*o - 4. Determine s(q).
2
Let r(z) = z**3 + 21*z**2 + 16*z + 40. Let a be r(-20). Let v = a + -95. Let w(k) = -5*k + 11 - v + 8*k + 6. Calculate w(6).
10
Let u be (3 - (-9)/(-4)) + (-5)/(-4). Suppose 0 = -5*g - 4*f + 40, -u*g - 2*f - 12 = -6*f. Let s(t) = 6*t - 3*t + 5 + t - g. Calculate s(1).
5
Let i(b) = -b**2 - 8*b - 5. Let u(d) = 2*d + 1. Let w be u(4). Let k(a) = -a**3 + 8*a**2 + 10*a - 16. Let t be k(w). Give i(t).
2
Suppose 5*f = 0, -5*y - 2*f + 24 = -8*y. Let s(q) = q**3 + 5*q**2 - 25*q - 19. Let a be s(y). Let p(x) = -x - 15. What is p(a)?
-4
Let p(y) = -90*y - 2. Let u be p(0). Let b(g) = -3*g + 4. Let m(n) = 1. Let q(j) = b(j) - 2*m(j). Calculate q(u).
8
Let i(r) be the second derivative of r**4/6 + r**3 + 9*r**2/2 - 1484*r + 2. What is i(-5)?
29
Let f(o) = -o**3 + 10*o**2 - 2*o + 13. Suppose -27*w = -w - 260. What is f(w)?
-7
Let r(o) be the first derivative of -66 - 1/3*o**3 - 2*o + 0*o**2. Give r(0).
-2
Let j(n) = -n**3 + 55*n**2 - 301*n + 338. Let y be j(49). Let r(m) = -m**2 + 4*m + 44. What is r(y)?
-1
Let k(v) = 0*v + v**2 + 0*v**2 + 0*v - v. Let c be k(0). Suppose -t + a - 10 + c = 0, -5*a + 20 = 0. Let z(b) = -b**2 - 7*b - 9. Calculate z(t).
-3
Let z(y) be the second derivative of -11*y**3/3 + 5*y**2/2 - 8*y + 188. Give z(3).
-61
Let w(c) = -c**2 + 55 + 4*c + 6*c - 34 + 81 + 8. Give w(17).
-9
Let s(o) = o**2 + 2*o - 4. Let w(c) be the second derivative of -c**4/6 - 2*c**3/3 + 3*c**2/2 - 2*c + 73. Let v be w(-3). Calculate s(v).
-1
Let x(w) = -w**2 - 3*w**2 + 2 - w + 3*w**2 + w**3. Let b(p) = -6*p + 9. Suppose 3*a - 11 = -8. Let t be b(a). Determine x(t).
17
Let z(o) = -2*o + 10. Suppose 0 = -5*s - w + 11, -s + 7 = -2*w - 4. Give z(s).
4
Suppose -5*i = -2*f - 333 + 339, 5*f = 3*i - 4. Let l(d) = -d**2 + 12*d + 21. Determine l(i).
-7
Let o(l) = -l**2 - 5*l + 13. Let w be 1289/13 + 279/(-39) + 7. Suppose 3*t + 8*t + w = 0. Determine o(t).
-23
Let l(u) = 5*u**2 - 6*u - 8 - 30 - u**3 + 40. Suppose d - 2*s + 6*s - 1 = 0, -13 = -2*d + 3*s. Calculate l(d).
-28
Let x(c) = 3*c**2 + 13*c + 17. Let y(d) = 25 + 13*d**2 + 5*d**2 + 9 + 25*d - 11*d**2. Let z(b) = 5*x(b) - 2*y(b). Determine z(-14).
3
Let v(x) = -43805 + 43812 + x - 5*x**2 + 29*x**3 - 30*x**3. Calculate v(-5).
2
Let u(i) = -206*i - 826. Let p be u(-4). Let k(d) = 9*d**2 + 18*d + 2. Calculate k(p).
2
Suppose -3*c = 4*f - 1031, -7*c + 3*f - 1026 = -10*c. Let q(n) = c*n**3 - 1 + 354*n**3 - 657*n**3. Determine q(1).
33
Let b(f) be the third derivative of -f**6/120 + 3*f**5/20 - 5*f**4/24 - 14*f**3/3 - f**2 - 827*f. What is b(8)?
-4
Let t(a) = -10*a - 4*a - 1100 + 1106 - 2*a + 17*a. Determine t(22).
28
Let u be ((112/(-10))/(-4))/((-8)/(-20)). Suppose 38 = -4*h - l, -u*h + 3*l = -11*h - 42. Let d(i) = i**2 + 9*i - 5. What is d(h)?
-5
Let n(q) = -345*q + 107*q - 38 + 129*q + 113*q. Give n(8).
-6
Let o(b) be the first derivative of -2*b**2 - 4*b**2 + 30 + 34 - b - b**2. What is o(2)?
-29
Let s be ((-32)/40)/((-1)/(-5)). Let y be ((-31)/((-12)/s - 4))/1. Suppose -8*v - 25 - y = 0. Let m(a) = a + 10. What is m(v)?
3
Let r(m) be the second derivative of -1/3*m**3 - 1/12*m**4 + 0 + 183*m - 3/2*m**2. Suppose -4*w + 3*l = -4, 9 = -4*l - 7. Determine r(w).
-3
Let c = -24 - -28. Suppose 4*m = 2*x + 18, -c*x = 7 + 5. Let q(k) = -k**2 - 4. Give q(m).
-13
Let b(t) = -15*t**2 - 85*t + 24. Let p be b(-6). Let x(s) = -18*s - 121. Calculate x(p).
-13
Let p(x) = -11*x - 1. Let q = -12293 + 12286. Determine p(q).
76
Let y = -2739 - -2736. Let l(f) = -2*f**3 - 3*f**2 + 3*f + 2. What is l(y)?
20
Let c(w) = -16*w**3 + 4*w**2 - 19*w + 3. Let v(g) = -11*g**3 + 3*g**2 - 14*g + 2. Let j be (1 - (-15)/6)/((-7)/14). Let b(p) = j*v(p) + 5*c(p). Give b(-2).
15
Let g(w) = -w**3 + 6*w**2 - 8*w + 7. Let k be g(5). Let r be 5/((4/10)/((-36)/(-45))). Let d(a) =